3
Let t(s) = 6*s**2 + 83*s - 4. Let b be t(-14). Let l(i) be the first derivative of i**4/4 - 11*i**3/3 + 6*i**2 + 10*i - 1. What is the tens digit of l(b)?
3
What is the hundreds digit of ((-72)/(-20))/(4/770)?
6
Let b(o) = 2*o**2 + 30*o + 3. Let y be b(-15). Let u(m) = 25*m + 4. What is the tens digit of u(y)?
7
Suppose 0 = -348*y + 352*y + 8. Let o(r) be the second derivative of -3*r**5/20 + r**3/6 + r**2 - r. What is the units digit of o(y)?
4
What is the units digit of (93 - 36)*62/3?
8
Let a = 9 - 14. Let g = a - -12. Suppose 3*v = g*v - 44. What is the units digit of v?
1
Let b = 69 + 110. What is the units digit of b?
9
Suppose -3*m = -74 - 157. Let y be -3*(1 - 47/(-3)). Let f = y + m. What is the units digit of f?
7
Let s(f) be the first derivative of -5*f**2 - 22*f - 7. What is the units digit of s(-10)?
8
Let z(o) = -2*o**2 - 2*o + 451. What is the tens digit of z(0)?
5
Let g = 884 + -432. What is the hundreds digit of g?
4
Let o(p) = -p**2 + 3*p + 22. Let t be o(6). Suppose 0 = -3*i + 5*r + 607, -4*i + t*r = -1058 + 254. What is the hundreds digit of i?
1
Suppose 0 = 1556*y - 1551*y - 125. What is the tens digit of y?
2
Let a(w) = w**3 - 12*w**2 + 9*w + 32. Let p be a(11). Suppose 110 = -0*t + p*t. What is the tens digit of t?
1
What is the hundreds digit of 4 - 582/(-6)*5?
4
Let l = -26 - -26. Suppose -2*r + 120 = -0*k - 2*k, l = 3*r - 5*k - 172. What is the tens digit of r?
6
Suppose -1289 - 10031 = -5*d. What is the hundreds digit of d?
2
What is the tens digit of 16470/(-54)*14/(-5)?
5
Let w = -64 - -67. Let g(t) be the second derivative of 7*t**4/12 - t**3/6 + t**2/2 - t. What is the tens digit of g(w)?
6
Let s(d) = 2*d**2 - 17*d - 12. What is the units digit of s(-13)?
7
Let c = -5785 - -10235. What is the thousands digit of c?
4
Suppose -3*l - 4*r = -1998, 0 = -3*l - 0*l - 3*r + 1998. What is the units digit of l?
6
Let m be -1 - (2 - 3) - 44. Let r(n) = 10*n + 3. Let o be r(-3). Let i = o - m. What is the units digit of i?
7
Suppose -31*v + 76 = -29*v. What is the tens digit of v?
3
Suppose 3*g = -2*i + 308, -4*g + 6*i - 4*i = -392. Let n(b) = -b**2 + 7*b - 2. Let h be n(5). Suppose -h*a = -3*a - g. What is the tens digit of a?
2
Let a = -51 - -72. What is the units digit of (a + -1)*(-15)/(-10)?
0
Let m be (2/6)/((-7)/(-21)). What is the units digit of 41 - ((m - 5) + 4)?
1
Let x(a) be the third derivative of a**7/840 - a**6/720 + a**5/30 + a**4/8 + 4*a**2. Let r(b) be the second derivative of x(b). What is the tens digit of r(3)?
2
Suppose 0 = -5*k - 5*w - 15, -5*k - 6 - 23 = -2*w. Let p be (-2 - k)*(-5)/(-3). Suppose -p*h = -8*h + 123. What is the tens digit of h?
4
Let w(h) = 37*h + 4. Let l = -4 - -9. Let a(z) = -25*z - 3. Let t(n) = l*w(n) + 7*a(n). What is the units digit of t(1)?
9
Let h(c) = -4*c**3 + 9*c**2 - 6*c + 10. Let l(w) = w**3 - w - 1 - 2*w**3 - 2*w**3 + 2*w**3. Let i(o) = -h(o) + 3*l(o). What is the tens digit of i(9)?
1
Let f(r) = 253 + 2*r**2 - 255 + 2*r**2 + 17*r. What is the hundreds digit of f(-11)?
2
Let r(u) = -u**3 + 6*u**2 - 2*u + 2. Suppose -o + 26 = 2*z, z = -8*o + 3*o + 121. Let f = 29 - o. What is the units digit of r(f)?
7
Suppose 0*z = 7*z + z. Suppose -4*a + 189 + 111 = z. What is the tens digit of a?
7
Let p(z) = -z**2 - 9*z + 8. Let j be (-246)/24 + 1/4. Let q be p(j). What is the units digit of q/11 + 510/22?
3
Let q be (-6 + 7)*(86 - -1). Let o = -82 + q. What is the units digit of o?
5
Let h be (-13)/(-7) + (3 - 40/14). Suppose -4*i - 246 = -5*s, -5*i - 101 = -h*s - 6. What is the units digit of s?
0
Let u(s) = -s - 5. Let d be u(-2). What is the tens digit of (20 - (0 - d)) + 0?
1
Let n be 78/8*32/(-12). Let c = -18 - n. Suppose 3*i = -i + c. What is the units digit of i?
2
Suppose g - 4*w - 918 = 0, -3*g - w + 21 + 2707 = 0. What is the hundreds digit of g?
9
Suppose 6 + 18 = -8*c. Let x(p) = -3*p**3 - 5*p**2 - 4*p. What is the units digit of x(c)?
8
Let k be (3 - 2)/(2/(1550 + -4)). Suppose 0 = -15*n + 352 + k. What is the tens digit of n?
7
Let m(x) = -8*x - 10. Suppose -3*t + t - 10 = 0. What is the units digit of m(t)?
0
Let k(c) = -c**3 + 17*c**2 + c + 22. What is the hundreds digit of k(15)?
4
Suppose 3*a - 2*t = 44, 6*a + 3*t = 11*a - 75. Let r = 23 + a. What is the tens digit of r?
4
Suppose -4*d - 3*h + 1000 = -0*d, 3*d + 4*h - 743 = 0. What is the hundreds digit of d?
2
What is the hundreds digit of (-2 - -7) + -2 - -924?
9
Let r(a) = 19*a**2 + 17*a - 88. What is the tens digit of r(7)?
6
Suppose 0 = -5*k + 4*w + 5946, -5*w = 5*k - 1035 - 4875. What is the thousands digit of k?
1
Let y be 4/8*8 + 6 + -8. What is the units digit of (-3 + 4)/(y/290)?
5
Let d = 0 + 5. Suppose d*w = 15, -2*p - 3*w + 98 = -11. Let u = p + -36. What is the units digit of u?
4
Let v(r) = r**2 - 9*r + 12. Suppose 10 = 5*a - 50. Let z = -3 + a. What is the units digit of v(z)?
2
Suppose 6*z = 2*z - v + 10, z = 2*v + 7. What is the units digit of ((-291)/z)/(2 - 3)?
7
Let c(v) = -872*v - 435. What is the tens digit of c(-6)?
9
Let f(t) = t**3 - 4*t**2 + 6*t - 2. Let w be f(2). Suppose -r + w = -28. What is the tens digit of r?
3
Suppose -37*c = -35*c - 10. Suppose -c*t = -278 - 242. What is the hundreds digit of t?
1
Let n(l) = -2*l**2 + 13*l + 7. What is the units digit of n(6)?
3
Suppose -5*k + j = -1563, 44*k - 1554 = 39*k - 2*j. What is the units digit of k?
2
Let n(r) = r**2 + 1. Let c(f) = -6*f**2 - 11*f - 18. Let x(k) = -c(k) - 4*n(k). What is the tens digit of x(-6)?
2
Let p = 16 - 16. Suppose m - 5*f = -2*m + 210, -3*f + 9 = p. What is the units digit of m?
5
Let p(z) = z + 11. Let m be p(-9). What is the tens digit of m/(-6) - (-112)/3?
3
Let i(p) = -p - 1. Let q(t) = -3*t + 6. Let r(v) = -2*i(v) + q(v). What is the units digit of r(5)?
3
Let q(n) be the first derivative of 11*n**3 + n**2/2 - 4*n + 2. Let j be q(-2). What is the tens digit of ((-1)/3)/((-2)/j)?
2
Suppose -i = m - 91, -i + 328 = 4*m - 6*i. Let h = 75 + m. What is the tens digit of h?
6
Let y = 1996 - 864. What is the thousands digit of y?
1
Let d(h) = -10*h - 22. Let r(t) = -1. Let i(c) = d(c) - 5*r(c). Let k be 4*(1 + 27/(-12)). What is the units digit of i(k)?
3
Suppose 0 = 6*v - 5170 - 5726. What is the thousands digit of v?
1
Let t be 4 + 3 - 4 - -37. Suppose -2*o - 2*o - t = 0. What is the units digit of (-2)/(o/295) - 2?
7
Suppose 2*t - 25 = -3*t, 0 = 4*c - 4*t - 1864. What is the units digit of c?
1
Let z = -83 - -229. What is the units digit of 12/(-6)*-2 + (z - -1)?
1
Suppose -2*q + 4 = -4. Suppose q*f = -5*r + 27, -r - 2*r = f + 2. What is the tens digit of f/(65/(-12))*-10?
2
Let u = -22 - -32. Let t = u + -8. Suppose 7*g - 6*g - t = 0. What is the units digit of g?
2
Let v = 4 + 1. Suppose 0 = -x + v. Suppose -k + 144 = 5*n, -14 = -3*n + x*k + 78. What is the units digit of n?
9
Let u = 1466 + -952. What is the tens digit of u?
1
Let h(i) = -52*i - 24. Let m be h(-7). Suppose 4*j - m = -3*t - 80, -t + 314 = 5*j. What is the tens digit of j?
6
Suppose -1136 = -4*c - 4*t, 0 = c - 3*t - 18 - 274. Suppose 5*z + 3*i = c, -2*z + 4*i + 125 = 21. What is the units digit of z?
6
Let n = 703 + -214. What is the tens digit of n?
8
Let m(l) = l**3 + 12*l**2 - 12*l + 2. Let s be m(-13). Let h = s - -17. What is the units digit of h?
6
Let y be 2 + 5/(-1) - -5. Suppose 73 = -c + y*c. What is the units digit of c?
3
Let y = -6 - -6. Suppose y = 5*d - 11 - 14, -5*z + 110 = -5*d. What is the units digit of z?
7
Let j = -122 - -61. Let g = -193 + 286. Let l = j + g. What is the units digit of l?
2
Suppose 2*u - 664 = -2*u + 3*o, u = 5*o + 166. What is the hundreds digit of u?
1
Let u = 30 - 27. Let k(m) = 2*m - 4*m - 2 + 6*m**2 + m. What is the units digit of k(u)?
9
Let u(x) = 7*x - 37. Let p be u(7). Let j = 99 + -39. Let n = j - p. What is the tens digit of n?
4
Suppose -f - 4*l = 2*f, f - 2*l = 10. Suppose -3*m - 178 = -430. Suppose m = -0*j + f*j. What is the units digit of j?
1
Let l = -112 - -715. What is the units digit of l?
3
Let i(j) = -j**3 - j + 3. What is the units digit of i(-6)?
5
Suppose 5*o + 0*o + 10 = 0. Let x = -8 - o. Let l(q) = 2*q**2 + 5*q - 13. What is the units digit of l(x)?
9
Suppose -y - 3*y = -5*c - 25, 3*y - 15 = 3*c. Suppose 8*w + 106 - 1298 = y. What is the tens digit of w?
4
Let g(m) = -5*m